rs of 106196529?
3, 19, 1863097
List the prime factors of 12056223.
3, 61, 65881
List the prime factors of 2747522406.
2, 3, 457920401
List the prime factors of 6337016.
2, 7, 113161
What are the prime factors of 3656618308?
2, 7, 130593511
List the prime factors of 1757529494.
2, 7, 599, 209579
What are the prime factors of 45880396?
2, 11470099
What are the prime factors of 110288301?
3, 36762767
What are the prime factors of 1510997367?
3, 11, 45787799
List the prime factors of 3298530114.
2, 3, 11, 41, 101, 149
List the prime factors of 474454107.
3, 5303, 9941
List the prime factors of 73525840.
2, 5, 53, 17341
List the prime factors of 1416013221.
3, 7, 151, 63793
What are the prime factors of 4425036?
2, 3, 7, 11, 4789
List the prime factors of 5167312934.
2, 7, 31, 281, 6053
List the prime factors of 130635826.
2, 37, 1765349
List the prime factors of 944111200.
2, 5, 31, 38069
List the prime factors of 455510596.
2, 2141, 53189
What are the prime factors of 62633322?
2, 3, 41, 84869
List the prime factors of 1247338949.
211, 5911559
List the prime factors of 2213191286.
2, 1106595643
What are the prime factors of 2479363049?
101, 24548149
What are the prime factors of 3050088432?
2, 3, 71, 463, 1933
What are the prime factors of 10763418?
2, 3, 317, 5659
What are the prime factors of 25580740?
2, 5, 631, 2027
What are the prime factors of 27633029?
27633029
List the prime factors of 121711833.
3, 37, 317, 1153
List the prime factors of 1472708090.
2, 5, 7, 21038687
What are the prime factors of 563822979?
3, 187940993
List the prime factors of 2715425759.
17, 29, 83, 66361
What are the prime factors of 68749463?
379, 181397
What are the prime factors of 192198297?
3, 64066099
What are the prime factors of 47659122?
2, 3, 7, 29, 13043
List the prime factors of 41957192.
2, 1487, 3527
List the prime factors of 2882768431.
2882768431
List the prime factors of 3843106227.
3, 427011803
List the prime factors of 354915659.
7, 29, 47, 37199
What are the prime factors of 6552322494?
2, 3, 1092053749
List the prime factors of 20943616.
2, 23, 3557
List the prime factors of 63432851.
31, 379, 5399
What are the prime factors of 144973801?
7, 281, 10529
List the prime factors of 303404754.
2, 3, 53, 954103
List the prime factors of 51645508.
2, 109, 118453
What are the prime factors of 724174112?
2, 293, 77237
What are the prime factors of 109689013?
7, 15669859
What are the prime factors of 102655029?
3, 34218343
List the prime factors of 145159997.
71, 2044507
What are the prime factors of 409625673?
3, 127, 1075133
What are the prime factors of 19356542?
2, 9678271
List the prime factors of 238033646.
2, 443, 268661
List the prime factors of 1312611195.
3, 5, 7, 29, 503, 857
What are the prime factors of 38311369?
173, 221453
List the prime factors of 1428610614.
2, 3, 238101769
What are the prime factors of 132097815?
3, 5, 2935507
What are the prime factors of 38894890?
2, 5, 3889489
List the prime factors of 460219699.
17, 709, 38183
What are the prime factors of 1016924337?
3, 11, 13, 367, 2153
List the prime factors of 756549626.
2, 7, 23, 103, 22811
List the prime factors of 513605730.
2, 3, 5, 11, 499, 3119
List the prime factors of 6163302615.
3, 5, 211, 317, 6143
What are the prime factors of 2198310175?
5, 87932407
List the prime factors of 53155059.
3, 1201, 14753
What are the prime factors of 198212034?
2, 3, 37, 59, 409
What are the prime factors of 8002683?
3, 13, 68399
List the prime factors of 127972679.
29, 619, 7129
List the prime factors of 1477635734.
2, 103, 7172989
What are the prime factors of 27484626?
2, 3, 13, 352367
What are the prime factors of 10236032?
2, 211, 379
List the prime factors of 788118934.
2, 5147, 76561
List the prime factors of 27927892.
2, 6981973
List the prime factors of 2002175031.
3, 667391677
List the prime factors of 1021020320.
2, 5, 1787, 3571
List the prime factors of 640662675.
3, 5, 53, 3041
List the prime factors of 17267949.
3, 1918661
What are the prime factors of 70953157?
11, 6450287
List the prime factors of 129217278.
2, 3, 21536213
List the prime factors of 40333382.
2, 401, 50291
List the prime factors of 159865387.
11, 23, 83, 331
List the prime factors of 1923405803.
11, 174855073
What are the prime factors of 26270852?
2, 71, 92503
List the prime factors of 6572558.
2, 31, 227, 467
List the prime factors of 6340601572.
2, 1279, 1239367
What are the prime factors of 49617579?
3, 11, 29, 139, 373
What are the prime factors of 1384327893?
3, 13, 35495587
List the prime factors of 744621837.
3, 19, 109, 119849
What are the prime factors of 114092955?
3, 5, 41, 6871
What are the prime factors of 1120494767?
7, 887, 180463
List the prime factors of 51431205.
3, 5, 7, 17, 28813
List the prime factors of 1304354701.
13, 79, 1270063
What are the prime factors of 31119793?
31119793
List the prime factors of 593884029.
3, 59, 439, 7643
List the prime factors of 644630239.
11, 47, 1246867
What are the prime factors of 142291066?
2, 71145533
List the prime factors of 54200747.
349, 155303
What are the prime factors of 79743964?
2, 109, 182899
List the prime factors of 37135957.
59, 167, 3769
List the prime factors of 54347277.
3, 19, 157, 6073
What are the prime factors of 133824083?
133824083
List the prime factors of 181876759.
19, 367, 26083
List the prime factors of 56305407.
3, 263, 71363
What are the prime factors of 182461972?
2, 7, 11, 41, 14449
What are the prime factors of 853963179?
3, 83, 379, 9049
What are the prime factors of 4540397590?
2, 5, 103, 4408153
What are the prime factors of 5675415?
3, 5, 378361
What are the prime factors of 174470887?
174470887
List the prime factors of 761101582.
2, 19, 137, 146197
List the prime factors of 5666779813.
17, 23, 107, 135449
List the prime factors of 33730748.
2, 43, 67, 2927
List the prime factors of 172382056.
2, 7, 11, 23
List the prime factors of 195455351.
7, 13, 2147861
What are the prime factors of 68223375?
3, 5, 11, 37, 149
What are the prime factors of 33042508?
2, 8260627
What are the prime factors of 4998372954?
2, 3, 257, 3241487
What are the prime factors of 1330004035?
5, 37, 83, 2341
What are the prime factors of 496770645?
3, 5, 7, 179, 26431
What are the prime factors of 38090050?
2, 5, 29, 109, 241
What are the prime factors of 156745167?
3, 52248389
List the prime factors of 86405790.
2, 3, 5, 29, 99317
List the prime factors of 111629859.
3, 11, 1483, 2281
What are the prime factors of 68132040?
2, 3, 5, 567767
List the prime factors of 364773292.
2, 13, 71, 98801
List the prime factors of 2527790425.
5, 41, 47, 137, 383
List the prime factors of 21048724.
2, 5262181
What are the prime factors of 4974234832?
2, 7, 107, 415073
What are the prime factors of 750703398?
2, 3, 173, 723221
What are the prime factors of 168052684?
2, 17, 401, 6163
List the prime factors of 69238686.
2, 3, 11, 31, 43, 787
List the prime factors of 512124920.
2, 5, 29, 149, 2963
List the prime factors of 1414888585.
5, 11, 23, 127, 8807
List the prime factors of 4851697183.
14591, 332513
List the prime factors of 4542387496.
2, 17107, 33191
What are the prime factors of 243943515?
3, 5, 43, 42023
List the prime factors of 2219328.
2, 3, 3853
What are the prime factors of 781632021?
3, 151, 271, 6367
What are the prime factors of 31119757?
211, 147487
List the prime factors of 5304041897.
7, 11, 18257
List the prime factors of 368299790.
2, 5, 36829979
List the prime factors of 4991050330.
2, 5, 7, 10185817
What are the prime factors of 24845328?
2, 3, 47, 3671
What are the prime factors of 64370791?
1279, 50329
What are the prime factors of 4963954315?
5, 992790863
What are the prime factors of 677167?
677167
What are the prime factors of 1336364068?
2, 13, 25699309
List the prime factors of 250783635.
3, 5, 16718909
What are the prime factors of 1817491242?
2, 3, 7, 6181943
List the prime factors of 196308787.
196308787
List the prime factors of 56844280.
2, 5, 43, 33049
What are the prime factors of 1056693?
3, 11, 41, 71
What are the prime factors of 951662367?
3, 19, 881, 6317
List the prime factors of 263203663.
1399, 188137
List the prime factors of 333949566.
2, 3, 167, 333283
List the prime factors of 53351446.
2, 401, 66523